(200,98,10000,'','2020-07-30 18:53:05',621,9426,'d8ccab32878087cf93406d026ed2a2a09954915d','{\"id\":98,\"asset_id\":\"66\",\"title\":\"Banner | Pagina inicial\",\"note\":\"\",\"content\":\"\",\"ordering\":\"1\",\"position\":\"banner\",\"checked_out\":\"621\",\"checked_out_time\":\"2020-07-30 18:52:41\",\"publish_up\":\"\",\"publish_down\":\"\",\"published\":\"1\",\"module\":\"mod_slideshowck\",\"access\":\"1\",\"showtitle\":\"0\",\"params\":\"{\\\"slidesssource\\\":\\\"slidesmanager\\\",\\\"slides\\\":\\\"[{|qq|imgname|qq|:|qq|images\\\\\\/banners\\\\\\/BANNER-SITE-Post-qualidade-que-s-a-sm-tem-SM.jpg|qq|,|qq|imgcaption|qq|:|qq||qq|,|qq|imgtitle|qq|:|qq||qq|,|qq|imgthumb|qq|:|qq|https:\\\\\\/\\\\\\/www.smceara.com.br\\\\\\/images\\\\\\/banners\\\\\\/BANNER-SITE-Post-qualidade-que-s-a-sm-tem-SM.jpg|qq|,|qq|imglink|qq|:|qq||qq|,|qq|imgtarget|qq|:|qq|default|qq|,|qq|imgalignment|qq|:|qq|default|qq|,|qq|imgvideo|qq|:|qq||qq|,|qq|slidearticleid|qq|:|qq||qq|,|qq|slidearticlename|qq|:|qq||qq|,|qq|imgtime|qq|:|qq||qq|,|qq|state|qq|:|qq|1|qq|,|qq|startdate|qq|:|qq||qq|,|qq|enddate|qq|:|qq||qq|},{|qq|imgname|qq|:|qq|images\\\\\\/banners\\\\\\/BANNER-SITE-aperfeicoamos-SM-04.jpg|qq|,|qq|imgcaption|qq|:|qq||qq|,|qq|imgtitle|qq|:|qq||qq|,|qq|imgthumb|qq|:|qq|https:\\\\\\/\\\\\\/www.smceara.com.br\\\\\\/images\\\\\\/banners\\\\\\/BANNER-SITE-aperfeicoamos-SM-04.jpg|qq|,|qq|imglink|qq|:|qq||qq|,|qq|imgtarget|qq|:|qq|default|qq|,|qq|imgalignment|qq|:|qq|default|qq|,|qq|imgvideo|qq|:|qq||qq|,|qq|slidearticleid|qq|:|qq||qq|,|qq|slidearticlename|qq|:|qq||qq|,|qq|imgtime|qq|:|qq||qq|,|qq|state|qq|:|qq|1|qq|,|qq|startdate|qq|:|qq||qq|,|qq|enddate|qq|:|qq||qq|},{|qq|imgname|qq|:|qq|images\\\\\\/banners\\\\\\/BANNER-SITE-qualidades-SM.jpg|qq|,|qq|imgcaption|qq|:|qq||qq|,|qq|imgtitle|qq|:|qq||qq|,|qq|imgthumb|qq|:|qq|https:\\\\\\/\\\\\\/www.smceara.com.br\\\\\\/images\\\\\\/banners\\\\\\/BANNER-SITE-qualidades-SM.jpg|qq|,|qq|imglink|qq|:|qq||qq|,|qq|imgtarget|qq|:|qq|default|qq|,|qq|imgalignment|qq|:|qq|default|qq|,|qq|imgvideo|qq|:|qq||qq|,|qq|slidearticleid|qq|:|qq||qq|,|qq|slidearticlename|qq|:|qq||qq|,|qq|imgtime|qq|:|qq||qq|,|qq|state|qq|:|qq|1|qq|,|qq|startdate|qq|:|qq||qq|,|qq|enddate|qq|:|qq||qq|},{|qq|imgname|qq|:|qq|images\\\\\\/banners\\\\\\/BANNER-SITE-cpf-ou-cnpj-SM.jpg|qq|,|qq|imgcaption|qq|:|qq||qq|,|qq|imgtitle|qq|:|qq||qq|,|qq|imgthumb|qq|:|qq|https:\\\\\\/\\\\\\/www.smceara.com.br\\\\\\/images\\\\\\/banners\\\\\\/BANNER-SITE-cpf-ou-cnpj-SM.jpg|qq|,|qq|imglink|qq|:|qq||qq|,|qq|imgtarget|qq|:|qq|default|qq|,|qq|imgalignment|qq|:|qq|default|qq|,|qq|imgvideo|qq|:|qq||qq|,|qq|slidearticleid|qq|:|qq||qq|,|qq|slidearticlename|qq|:|qq||qq|,|qq|imgtime|qq|:|qq||qq|,|qq|state|qq|:|qq|1|qq|,|qq|startdate|qq|:|qq||qq|,|qq|enddate|qq|:|qq||qq|},{|qq|imgname|qq|:|qq|images\\\\\\/banners\\\\\\/BANNER-SITE-armazenamento-SM-04.png|qq|,|qq|imgcaption|qq|:|qq||qq|,|qq|imgtitle|qq|:|qq||qq|,|qq|imgthumb|qq|:|qq|https:\\\\\\/\\\\\\/www.smceara.com.br\\\\\\/images\\\\\\/banners\\\\\\/BANNER-SITE-armazenamento-SM-04.png|qq|,|qq|imglink|qq|:|qq||qq|,|qq|imgtarget|qq|:|qq|default|qq|,|qq|imgalignment|qq|:|qq|default|qq|,|qq|imgvideo|qq|:|qq||qq|,|qq|slidearticleid|qq|:|qq||qq|,|qq|slidearticlename|qq|:|qq||qq|,|qq|imgtime|qq|:|qq||qq|,|qq|state|qq|:|qq|1|qq|,|qq|startdate|qq|:|qq||qq|,|qq|enddate|qq|:|qq||qq|},{|qq|imgname|qq|:|qq|images\\\\\\/banners\\\\\\/BANNER-afetividade-SM-04.jpg|qq|,|qq|imgcaption|qq|:|qq||qq|,|qq|imgtitle|qq|:|qq||qq|,|qq|imgthumb|qq|:|qq|https:\\\\\\/\\\\\\/www.smceara.com.br\\\\\\/images\\\\\\/banners\\\\\\/BANNER-afetividade-SM-04.jpg|qq|,|qq|imglink|qq|:|qq||qq|,|qq|imgtarget|qq|:|qq|default|qq|,|qq|imgalignment|qq|:|qq|default|qq|,|qq|imgvideo|qq|:|qq||qq|,|qq|slidearticleid|qq|:|qq||qq|,|qq|slidearticlename|qq|:|qq||qq|,|qq|imgtime|qq|:|qq||qq|,|qq|state|qq|:|qq|1|qq|,|qq|startdate|qq|:|qq||qq|,|qq|enddate|qq|:|qq||qq|},{|qq|imgname|qq|:|qq|images\\\\\\/BANNER-SITE-especialistas-em-distribuicao-SM-04.png|qq|,|qq|imgcaption|qq|:|qq||qq|,|qq|imgtitle|qq|:|qq||qq|,|qq|imgthumb|qq|:|qq|https:\\\\\\/\\\\\\/www.smceara.com.br\\\\\\/images\\\\\\/BANNER-SITE-especialistas-em-distribuicao-SM-04.png|qq|,|qq|imglink|qq|:|qq||qq|,|qq|imgtarget|qq|:|qq|default|qq|,|qq|imgalignment|qq|:|qq|default|qq|,|qq|imgvideo|qq|:|qq||qq|,|qq|slidearticleid|qq|:|qq||qq|,|qq|slidearticlename|qq|:|qq||qq|,|qq|imgtime|qq|:|qq||qq|,|qq|state|qq|:|qq|0|qq|,|qq|startdate|qq|:|qq||qq|,|qq|enddate|qq|:|qq||qq|},{|qq|imgname|qq|:|qq|images\\\\\\/banners\\\\\\/BANNER-SITE-45-anos-experiencia-e-Paletizacao-07.png|qq|,|qq|imgcaption|qq|:|qq||qq|,|qq|imgtitle|qq|:|qq||qq|,|qq|imgthumb|qq|:|qq|https:\\\\\\/\\\\\\/www.smceara.com.br\\\\\\/images\\\\\\/banners\\\\\\/BANNER-SITE-45-anos-experiencia-e-Paletizacao-07.png|qq|,|qq|imglink|qq|:|qq||qq|,|qq|imgtarget|qq|:|qq|default|qq|,|qq|imgalignment|qq|:|qq|default|qq|,|qq|imgvideo|qq|:|qq||qq|,|qq|slidearticleid|qq|:|qq||qq|,|qq|slidearticlename|qq|:|qq||qq|,|qq|imgtime|qq|:|qq||qq|,|qq|state|qq|:|qq|0|qq|,|qq|startdate|qq|:|qq||qq|,|qq|enddate|qq|:|qq||qq|},{|qq|imgname|qq|:|qq|images\\\\\\/banners\\\\\\/BANNER-SITE-45-anos-experiencia-e-Paletizacao-08.png|qq|,|qq|imgcaption|qq|:|qq||qq|,|qq|imgtitle|qq|:|qq||qq|,|qq|imgthumb|qq|:|qq|https:\\\\\\/\\\\\\/www.smceara.com.br\\\\\\/images\\\\\\/banners\\\\\\/BANNER-SITE-45-anos-experiencia-e-Paletizacao-08.png|qq|,|qq|imglink|qq|:|qq||qq|,|qq|imgtarget|qq|:|qq|default|qq|,|qq|imgalignment|qq|:|qq|default|qq|,|qq|imgvideo|qq|:|qq||qq|,|qq|slidearticleid|qq|:|qq||qq|,|qq|slidearticlename|qq|:|qq||qq|,|qq|imgtime|qq|:|qq||qq|,|qq|state|qq|:|qq|0|qq|,|qq|startdate|qq|:|qq||qq|,|qq|enddate|qq|:|qq||qq|},{|qq|imgname|qq|:|qq|images\\\\\\/banners\\\\\\/Banner1.jpg|qq|,|qq|imgcaption|qq|:|qq||qq|,|qq|imgtitle|qq|:|qq||qq|,|qq|imgthumb|qq|:|qq|https:\\\\\\/\\\\\\/www.smceara.com.br\\\\\\/images\\\\\\/banners\\\\\\/Banner1.jpg|qq|,|qq|imglink|qq|:|qq||qq|,|qq|imgtarget|qq|:|qq|_parent|qq|,|qq|imgalignment|qq|:|qq|default|qq|,|qq|imgvideo|qq|:|qq||qq|,|qq|slidearticleid|qq|:|qq||qq|,|qq|slidearticlename|qq|:|qq||qq|,|qq|imgtime|qq|:|qq||qq|,|qq|state|qq|:|qq|1|qq|,|qq|startdate|qq|:|qq||qq|,|qq|enddate|qq|:|qq||qq|},{|qq|imgname|qq|:|qq|images\\\\\\/banners\\\\\\/Banner2.jpg|qq|,|qq|imgcaption|qq|:|qq||qq|,|qq|imgtitle|qq|:|qq||qq|,|qq|imgthumb|qq|:|qq|https:\\\\\\/\\\\\\/www.smceara.com.br\\\\\\/images\\\\\\/banners\\\\\\/Banner2.jpg|qq|,|qq|imglink|qq|:|qq||qq|,|qq|imgtarget|qq|:|qq|_parent|qq|,|qq|imgalignment|qq|:|qq|default|qq|,|qq|imgvideo|qq|:|qq||qq|,|qq|slidearticleid|qq|:|qq||qq|,|qq|slidearticlename|qq|:|qq||qq|,|qq|imgtime|qq|:|qq||qq|,|qq|state|qq|:|qq|1|qq|,|qq|startdate|qq|:|qq||qq|,|qq|enddate|qq|:|qq||qq|},{|qq|imgname|qq|:|qq|images\\\\\\/banners\\\\\\/Banner3.jpg|qq|,|qq|imgcaption|qq|:|qq||qq|,|qq|imgtitle|qq|:|qq||qq|,|qq|imgthumb|qq|:|qq|https:\\\\\\/\\\\\\/www.smceara.com.br\\\\\\/images\\\\\\/banners\\\\\\/Banner3.jpg|qq|,|qq|imglink|qq|:|qq||qq|,|qq|imgtarget|qq|:|qq|default|qq|,|qq|imgalignment|qq|:|qq|default|qq|,|qq|imgvideo|qq|:|qq||qq|,|qq|slidearticleid|qq|:|qq||qq|,|qq|slidearticlename|qq|:|qq||qq|,|qq|imgtime|qq|:|qq||qq|,|qq|state|qq|:|qq|1|qq|,|qq|startdate|qq|:|qq||qq|,|qq|enddate|qq|:|qq||qq|}]\\\",\\\"theme\\\":\\\"default\\\",\\\"skin\\\":\\\"camera_amber_skin\\\",\\\"alignment\\\":\\\"center\\\",\\\"loader\\\":\\\"pie\\\",\\\"width\\\":\\\"auto\\\",\\\"height\\\":\\\"29%\\\",\\\"minheight\\\":\\\"150\\\",\\\"navigation\\\":\\\"2\\\",\\\"thumbnails\\\":\\\"0\\\",\\\"thumbnailwidth\\\":\\\"100\\\",\\\"thumbnailheight\\\":\\\"75\\\",\\\"pagination\\\":\\\"0\\\",\\\"effect\\\":[\\\"random\\\"],\\\"time\\\":\\\"5000\\\",\\\"transperiod\\\":\\\"1500\\\",\\\"captioneffect\\\":\\\"moveFromLeft\\\",\\\"portrait\\\":\\\"0\\\",\\\"autoAdvance\\\":\\\"1\\\",\\\"hover\\\":\\\"1\\\",\\\"displayorder\\\":\\\"normal\\\",\\\"limitslides\\\":\\\"\\\",\\\"fullpage\\\":\\\"0\\\",\\\"imagetarget\\\":\\\"_parent\\\",\\\"container\\\":\\\"\\\",\\\"usemobileimage\\\":\\\"0\\\",\\\"mobileimageresolution\\\":\\\"640\\\",\\\"loadjquery\\\":\\\"1\\\",\\\"loadjqueryeasing\\\":\\\"1\\\",\\\"autocreatethumbs\\\":\\\"1\\\",\\\"layout\\\":\\\"_:default\\\",\\\"moduleclass_sfx\\\":\\\"\\\",\\\"cache\\\":\\\"1\\\",\\\"cache_time\\\":\\\"900\\\",\\\"cachemode\\\":\\\"itemid\\\",\\\"articlelength\\\":\\\"150\\\",\\\"articlelink\\\":\\\"readmore\\\",\\\"articletitle\\\":\\\"h3\\\",\\\"showarticletitle\\\":\\\"1\\\",\\\"usecaptionresponsive\\\":\\\"1\\\",\\\"captionresponsiveresolution\\\":\\\"480\\\",\\\"captionresponsivefontsize\\\":\\\"0.6em\\\",\\\"captionresponsivehidecaption\\\":\\\"0\\\",\\\"captionstylesusefont\\\":\\\"1\\\",\\\"captionstylestextgfont\\\":\\\"Droid Sans\\\",\\\"captionstylesfontsize\\\":\\\"12px\\\",\\\"captionstylesfontcolor\\\":\\\"\\\",\\\"captionstylesfontweight\\\":\\\"normal\\\",\\\"captionstylesdescfontsize\\\":\\\"10px\\\",\\\"captionstylesdescfontcolor\\\":\\\"\\\",\\\"captionstylesusemargin\\\":\\\"1\\\",\\\"captionstylesmargintop\\\":\\\"0\\\",\\\"captionstylesmarginright\\\":\\\"0\\\",\\\"captionstylesmarginbottom\\\":\\\"0\\\",\\\"captionstylesmarginleft\\\":\\\"0\\\",\\\"captionstylespaddingtop\\\":\\\"0\\\",\\\"captionstylespaddingright\\\":\\\"0\\\",\\\"captionstylespaddingbottom\\\":\\\"0\\\",\\\"captionstylespaddingleft\\\":\\\"0\\\",\\\"captionstylesusebackground\\\":\\\"1\\\",\\\"captionstylesbgcolor1\\\":\\\"\\\",\\\"captionstylesbgopacity\\\":\\\"0.6\\\",\\\"captionstylesbgimage\\\":\\\"\\\",\\\"captionstylesbgpositionx\\\":\\\"left\\\",\\\"captionstylesbgpositiony\\\":\\\"top\\\",\\\"captionstylesbgimagerepeat\\\":\\\"repeat\\\",\\\"captionstylesusegradient\\\":\\\"1\\\",\\\"captionstylesbgcolor2\\\":\\\"\\\",\\\"captionstylesuseroundedcorners\\\":\\\"1\\\",\\\"captionstylesroundedcornerstl\\\":\\\"5\\\",\\\"captionstylesroundedcornerstr\\\":\\\"5\\\",\\\"captionstylesroundedcornersbr\\\":\\\"5\\\",\\\"captionstylesroundedcornersbl\\\":\\\"5\\\",\\\"captionstylesuseshadow\\\":\\\"1\\\",\\\"captionstylesshadowcolor\\\":\\\"\\\",\\\"captionstylesshadowblur\\\":\\\"3\\\",\\\"captionstylesshadowspread\\\":\\\"0\\\",\\\"captionstylesshadowoffsetx\\\":\\\"0\\\",\\\"captionstylesshadowoffsety\\\":\\\"0\\\",\\\"captionstylesshadowinset\\\":\\\"0\\\",\\\"captionstylesuseborders\\\":\\\"1\\\",\\\"captionstylesbordercolor\\\":\\\"\\\",\\\"captionstylesborderwidth\\\":\\\"1\\\",\\\"module_tag\\\":\\\"div\\\",\\\"bootstrap_size\\\":\\\"0\\\",\\\"header_tag\\\":\\\"h3\\\",\\\"header_class\\\":\\\"\\\",\\\"style\\\":\\\"0\\\"}\",\"client_id\":\"0\",\"language\":\"*\"}',0),(201,98,10000,'','2020-08-06 17:29:57',621,9954,'c332d07c025c901293e351b6143fb92c945f7f53','{\"id\":98,\"asset_id\":\"66\",\"title\":\"Banner | Pagina inicial\",\"note\":\"\",\"content\":\"\",\"ordering\":\"1\",\"position\":\"banner\",\"checked_out\":\"621\",\"checked_out_time\":\"2020-08-06 17:25:35\",\"publish_up\":\"\",\"publish_down\":\"\",\"published\":\"1\",\"module\":\"mod_slideshowck\",\"access\":\"1\",\"showtitle\":\"0\",\"params\":\"{\\\"slidesssource\\\":\\\"slidesmanager\\\",\\\"slides\\\":\\\"[{|qq|imgname|qq|:|qq|images\\\\\\/BANNER-SITE-dia-dos-pais-SM.jpg|qq|,|qq|imgcaption|qq|:|qq||qq|,|qq|imgtitle|qq|:|qq||qq|,|qq|imgthumb|qq|:|qq|https:\\\\\\/\\\\\\/www.smceara.com.br\\\\\\/images\\\\\\/BANNER-SITE-dia-dos-pais-SM.jpg|qq|,|qq|imglink|qq|:|qq||qq|,|qq|imgtarget|qq|:|qq|default|qq|,|qq|imgalignment|qq|:|qq|default|qq|,|qq|imgvideo|qq|:|qq||qq|,|qq|slidearticleid|qq|:|qq||qq|,|qq|slidearticlename|qq|:|qq||qq|,|qq|imgtime|qq|:|qq||qq|,|qq|state|qq|:|qq|1|qq|,|qq|startdate|qq|:|qq||qq|,|qq|enddate|qq|:|qq|14 August 2020|qq|},{|qq|imgname|qq|:|qq|images\\\\\\/banners\\\\\\/BANNER-SITE-Post-qualidade-que-s-a-sm-tem-SM.jpg|qq|,|qq|imgcaption|qq|:|qq||qq|,|qq|imgtitle|qq|:|qq||qq|,|qq|imgthumb|qq|:|qq|https:\\\\\\/\\\\\\/www.smceara.com.br\\\\\\/images\\\\\\/banners\\\\\\/BANNER-SITE-Post-qualidade-que-s-a-sm-tem-SM.jpg|qq|,|qq|imglink|qq|:|qq||qq|,|qq|imgtarget|qq|:|qq|default|qq|,|qq|imgalignment|qq|:|qq|default|qq|,|qq|imgvideo|qq|:|qq||qq|,|qq|slidearticleid|qq|:|qq||qq|,|qq|slidearticlename|qq|:|qq||qq|,|qq|imgtime|qq|:|qq||qq|,|qq|state|qq|:|qq|1|qq|,|qq|startdate|qq|:|qq||qq|,|qq|enddate|qq|:|qq||qq|},{|qq|imgname|qq|:|qq|images\\\\\\/banners\\\\\\/BANNER-SITE-aperfeicoamos-SM-04.jpg|qq|,|qq|imgcaption|qq|:|qq||qq|,|qq|imgtitle|qq|:|qq||qq|,|qq|imgthumb|qq|:|qq|https:\\\\\\/\\\\\\/www.smceara.com.br\\\\\\/images\\\\\\/banners\\\\\\/BANNER-SITE-aperfeicoamos-SM-04.jpg|qq|,|qq|imglink|qq|:|qq||qq|,|qq|imgtarget|qq|:|qq|default|qq|,|qq|imgalignment|qq|:|qq|default|qq|,|qq|imgvideo|qq|:|qq||qq|,|qq|slidearticleid|qq|:|qq||qq|,|qq|slidearticlename|qq|:|qq||qq|,|qq|imgtime|qq|:|qq||qq|,|qq|state|qq|:|qq|1|qq|,|qq|startdate|qq|:|qq||qq|,|qq|enddate|qq|:|qq||qq|},{|qq|imgname|qq|:|qq|images\\\\\\/banners\\\\\\/BANNER-SITE-qualidades-SM.jpg|qq|,|qq|imgcaption|qq|:|qq||qq|,|qq|imgtitle|qq|:|qq||qq|,|qq|imgthumb|qq|:|qq|https:\\\\\\/\\\\\\/www.smceara.com.br\\\\\\/images\\\\\\/banners\\\\\\/BANNER-SITE-qualidades-SM.jpg|qq|,|qq|imglink|qq|:|qq||qq|,|qq|imgtarget|qq|:|qq|default|qq|,|qq|imgalignment|qq|:|qq|default|qq|,|qq|imgvideo|qq|:|qq||qq|,|qq|slidearticleid|qq|:|qq||qq|,|qq|slidearticlename|qq|:|qq||qq|,|qq|imgtime|qq|:|qq||qq|,|qq|state|qq|:|qq|1|qq|,|qq|startdate|qq|:|qq||qq|,|qq|enddate|qq|:|qq||qq|},{|qq|imgname|qq|:|qq|images\\\\\\/banners\\\\\\/BANNER-SITE-cpf-ou-cnpj-SM.jpg|qq|,|qq|imgcaption|qq|:|qq||qq|,|qq|imgtitle|qq|:|qq||qq|,|qq|imgthumb|qq|:|qq|https:\\\\\\/\\\\\\/www.smceara.com.br\\\\\\/images\\\\\\/banners\\\\\\/BANNER-SITE-cpf-ou-cnpj-SM.jpg|qq|,|qq|imglink|qq|:|qq||qq|,|qq|imgtarget|qq|:|qq|default|qq|,|qq|imgalignment|qq|:|qq|default|qq|,|qq|imgvideo|qq|:|qq||qq|,|qq|slidearticleid|qq|:|qq||qq|,|qq|slidearticlename|qq|:|qq||qq|,|qq|imgtime|qq|:|qq||qq|,|qq|state|qq|:|qq|1|qq|,|qq|startdate|qq|:|qq||qq|,|qq|enddate|qq|:|qq||qq|},{|qq|imgname|qq|:|qq|images\\\\\\/banners\\\\\\/BANNER-SITE-armazenamento-SM-04.png|qq|,|qq|imgcaption|qq|:|qq||qq|,|qq|imgtitle|qq|:|qq||qq|,|qq|imgthumb|qq|:|qq|https:\\\\\\/\\\\\\/www.smceara.com.br\\\\\\/images\\\\\\/banners\\\\\\/BANNER-SITE-armazenamento-SM-04.png|qq|,|qq|imglink|qq|:|qq||qq|,|qq|imgtarget|qq|:|qq|default|qq|,|qq|imgalignment|qq|:|qq|default|qq|,|qq|imgvideo|qq|:|qq||qq|,|qq|slidearticleid|qq|:|qq||qq|,|qq|slidearticlename|qq|:|qq||qq|,|qq|imgtime|qq|:|qq||qq|,|qq|state|qq|:|qq|1|qq|,|qq|startdate|qq|:|qq||qq|,|qq|enddate|qq|:|qq||qq|},{|qq|imgname|qq|:|qq|images\\\\\\/banners\\\\\\/BANNER-afetividade-SM-04.jpg|qq|,|qq|imgcaption|qq|:|qq||qq|,|qq|imgtitle|qq|:|qq||qq|,|qq|imgthumb|qq|:|qq|https:\\\\\\/\\\\\\/www.smceara.com.br\\\\\\/images\\\\\\/banners\\\\\\/BANNER-afetividade-SM-04.jpg|qq|,|qq|imglink|qq|:|qq||qq|,|qq|imgtarget|qq|:|qq|default|qq|,|qq|imgalignment|qq|:|qq|default|qq|,|qq|imgvideo|qq|:|qq||qq|,|qq|slidearticleid|qq|:|qq||qq|,|qq|slidearticlename|qq|:|qq||qq|,|qq|imgtime|qq|:|qq||qq|,|qq|state|qq|:|qq|1|qq|,|qq|startdate|qq|:|qq||qq|,|qq|enddate|qq|:|qq||qq|},{|qq|imgname|qq|:|qq|images\\\\\\/BANNER-SITE-especialistas-em-distribuicao-SM-04.png|qq|,|qq|imgcaption|qq|:|qq||qq|,|qq|imgtitle|qq|:|qq||qq|,|qq|imgthumb|qq|:|qq|https:\\\\\\/\\\\\\/www.smceara.com.br\\\\\\/images\\\\\\/BANNER-SITE-especialistas-em-distribuicao-SM-04.png|qq|,|qq|imglink|qq|:|qq||qq|,|qq|imgtarget|qq|:|qq|default|qq|,|qq|imgalignment|qq|:|qq|default|qq|,|qq|imgvideo|qq|:|qq||qq|,|qq|slidearticleid|qq|:|qq||qq|,|qq|slidearticlename|qq|:|qq||qq|,|qq|imgtime|qq|:|qq||qq|,|qq|state|qq|:|qq|0|qq|,|qq|startdate|qq|:|qq||qq|,|qq|enddate|qq|:|qq||qq|},{|qq|imgname|qq|:|qq|images\\\\\\/banners\\\\\\/BANNER-SITE-45-anos-experiencia-e-Paletizacao-07.png|qq|,|qq|imgcaption|qq|:|qq||qq|,|qq|imgtitle|qq|:|qq||qq|,|qq|imgthumb|qq|:|qq|https:\\\\\\/\\\\\\/www.smceara.com.br\\\\\\/images\\\\\\/banners\\\\\\/BANNER-SITE-45-anos-experiencia-e-Paletizacao-07.png|qq|,|qq|imglink|qq|:|qq||qq|,|qq|imgtarget|qq|:|qq|default|qq|,|qq|imgalignment|qq|:|qq|default|qq|,|qq|imgvideo|qq|:|qq||qq|,|qq|slidearticleid|qq|:|qq||qq|,|qq|slidearticlename|qq|:|qq||qq|,|qq|imgtime|qq|:|qq||qq|,|qq|state|qq|:|qq|0|qq|,|qq|startdate|qq|:|qq||qq|,|qq|enddate|qq|:|qq||qq|},{|qq|imgname|qq|:|qq|images\\\\\\/banners\\\\\\/BANNER-SITE-45-anos-experiencia-e-Paletizacao-08.png|qq|,|qq|imgcaption|qq|:|qq||qq|,|qq|imgtitle|qq|:|qq||qq|,|qq|imgthumb|qq|:|qq|https:\\\\\\/\\\\\\/www.smceara.com.br\\\\\\/images\\\\\\/banners\\\\\\/BANNER-SITE-45-anos-experiencia-e-Paletizacao-08.png|qq|,|qq|imglink|qq|:|qq||qq|,|qq|imgtarget|qq|:|qq|default|qq|,|qq|imgalignment|qq|:|qq|default|qq|,|qq|imgvideo|qq|:|qq||qq|,|qq|slidearticleid|qq|:|qq||qq|,|qq|slidearticlename|qq|:|qq||qq|,|qq|imgtime|qq|:|qq||qq|,|qq|state|qq|:|qq|0|qq|,|qq|startdate|qq|:|qq||qq|,|qq|enddate|qq|:|qq||qq|},{|qq|imgname|qq|:|qq|images\\\\\\/banners\\\\\\/Banner1.jpg|qq|,|qq|imgcaption|qq|:|qq||qq|,|qq|imgtitle|qq|:|qq||qq|,|qq|imgthumb|qq|:|qq|https:\\\\\\/\\\\\\/www.smceara.com.br\\\\\\/images\\\\\\/banners\\\\\\/Banner1.jpg|qq|,|qq|imglink|qq|:|qq||qq|,|qq|imgtarget|qq|:|qq|_parent|qq|,|qq|imgalignment|qq|:|qq|default|qq|,|qq|imgvideo|qq|:|qq||qq|,|qq|slidearticleid|qq|:|qq||qq|,|qq|slidearticlename|qq|:|qq||qq|,|qq|imgtime|qq|:|qq||qq|,|qq|state|qq|:|qq|1|qq|,|qq|startdate|qq|:|qq||qq|,|qq|enddate|qq|:|qq||qq|},{|qq|imgname|qq|:|qq|images\\\\\\/banners\\\\\\/Banner2.jpg|qq|,|qq|imgcaption|qq|:|qq||qq|,|qq|imgtitle|qq|:|qq||qq|,|qq|imgthumb|qq|:|qq|https:\\\\\\/\\\\\\/www.smceara.com.br\\\\\\/images\\\\\\/banners\\\\\\/Banner2.jpg|qq|,|qq|imglink|qq|:|qq||qq|,|qq|imgtarget|qq|:|qq|_parent|qq|,|qq|imgalignment|qq|:|qq|default|qq|,|qq|imgvideo|qq|:|qq||qq|,|qq|slidearticleid|qq|:|qq||qq|,|qq|slidearticlename|qq|:|qq||qq|,|qq|imgtime|qq|:|qq||qq|,|qq|state|qq|:|qq|1|qq|,|qq|startdate|qq|:|qq||qq|,|qq|enddate|qq|:|qq||qq|},{|qq|imgname|qq|:|qq|images\\\\\\/banners\\\\\\/Banner3.jpg|qq|,|qq|imgcaption|qq|:|qq||qq|,|qq|imgtitle|qq|:|qq||qq|,|qq|imgthumb|qq|:|qq|https:\\\\\\/\\\\\\/www.smceara.com.br\\\\\\/images\\\\\\/banners\\\\\\/Banner3.jpg|qq|,|qq|imglink|qq|:|qq||qq|,|qq|imgtarget|qq|:|qq|default|qq|,|qq|imgalignment|qq|:|qq|default|qq|,|qq|imgvideo|qq|:|qq||qq|,|qq|slidearticleid|qq|:|qq||qq|,|qq|slidearticlename|qq|:|qq||qq|,|qq|imgtime|qq|:|qq||qq|,|qq|state|qq|:|qq|1|qq|,|qq|startdate|qq|:|qq||qq|,|qq|enddate|qq|:|qq||qq|}]\\\",\\\"theme\\\":\\\"default\\\",\\\"skin\\\":\\\"camera_amber_skin\\\",\\\"alignment\\\":\\\"center\\\",\\\"loader\\\":\\\"pie\\\",\\\"width\\\":\\\"auto\\\",\\\"height\\\":\\\"29%\\\",\\\"minheight\\\":\\\"150\\\",\\\"navigation\\\":\\\"2\\\",\\\"thumbnails\\\":\\\"0\\\",\\\"thumbnailwidth\\\":\\\"100\\\",\\\"thumbnailheight\\\":\\\"75\\\",\\\"pagination\\\":\\\"0\\\",\\\"effect\\\":[\\\"random\\\"],\\\"time\\\":\\\"5000\\\",\\\"transperiod\\\":\\\"1500\\\",\\\"captioneffect\\\":\\\"moveFromLeft\\\",\\\"portrait\\\":\\\"0\\\",\\\"autoAdvance\\\":\\\"1\\\",\\\"hover\\\":\\\"1\\\",\\\"displayorder\\\":\\\"normal\\\",\\\"limitslides\\\":\\\"\\\",\\\"fullpage\\\":\\\"0\\\",\\\"imagetarget\\\":\\\"_parent\\\",\\\"container\\\":\\\"\\\",\\\"usemobileimage\\\":\\\"0\\\",\\\"mobileimageresolution\\\":\\\"640\\\",\\\"loadjquery\\\":\\\"1\\\",\\\"loadjqueryeasing\\\":\\\"1\\\",\\\"autocreatethumbs\\\":\\\"1\\\",\\\"layout\\\":\\\"_:default\\\",\\\"moduleclass_sfx\\\":\\\"\\\",\\\"cache\\\":\\\"1\\\",\\\"cache_time\\\":\\\"900\\\",\\\"cachemode\\\":\\\"itemid\\\",\\\"articlelength\\\":\\\"150\\\",\\\"articlelink\\\":\\\"readmore\\\",\\\"articletitle\\\":\\\"h3\\\",\\\"showarticletitle\\\":\\\"1\\\",\\\"usecaptionresponsive\\\":\\\"1\\\",\\\"captionresponsiveresolution\\\":\\\"480\\\",\\\"captionresponsivefontsize\\\":\\\"0.6em\\\",\\\"captionresponsivehidecaption\\\":\\\"0\\\",\\\"captionstylesusefont\\\":\\\"1\\\",\\\"captionstylestextgfont\\\":\\\"Droid Sans\\\",\\\"captionstylesfontsize\\\":\\\"12px\\\",\\\"captionstylesfontcolor\\\":\\\"\\\",\\\"captionstylesfontweight\\\":\\\"normal\\\",\\\"captionstylesdescfontsize\\\":\\\"10px\\\",\\\"captionstylesdescfontcolor\\\":\\\"\\\",\\\"captionstylesusemargin\\\":\\\"1\\\",\\\"captionstylesmargintop\\\":\\\"0\\\",\\\"captionstylesmarginright\\\":\\\"0\\\",\\\"captionstylesmarginbottom\\\":\\\"0\\\",\\\"captionstylesmarginleft\\\":\\\"0\\\",\\\"captionstylespaddingtop\\\":\\\"0\\\",\\\"captionstylespaddingright\\\":\\\"0\\\",\\\"captionstylespaddingbottom\\\":\\\"0\\\",\\\"captionstylespaddingleft\\\":\\\"0\\\",\\\"captionstylesusebackground\\\":\\\"1\\\",\\\"captionstylesbgcolor1\\\":\\\"\\\",\\\"captionstylesbgopacity\\\":\\\"0.6\\\",\\\"captionstylesbgimage\\\":\\\"\\\",\\\"captionstylesbgpositionx\\\":\\\"left\\\",\\\"captionstylesbgpositiony\\\":\\\"top\\\",\\\"captionstylesbgimagerepeat\\\":\\\"repeat\\\",\\\"captionstylesusegradient\\\":\\\"1\\\",\\\"captionstylesbgcolor2\\\":\\\"\\\",\\\"captionstylesuseroundedcorners\\\":\\\"1\\\",\\\"captionstylesroundedcornerstl\\\":\\\"5\\\",\\\"captionstylesroundedcornerstr\\\":\\\"5\\\",\\\"captionstylesroundedcornersbr\\\":\\\"5\\\",\\\"captionstylesroundedcornersbl\\\":\\\"5\\\",\\\"captionstylesuseshadow\\\":\\\"1\\\",\\\"captionstylesshadowcolor\\\":\\\"\\\",\\\"captionstylesshadowblur\\\":\\\"3\\\",\\\"captionstylesshadowspread\\\":\\\"0\\\",\\\"captionstylesshadowoffsetx\\\":\\\"0\\\",\\\"captionstylesshadowoffsety\\\":\\\"0\\\",\\\"captionstylesshadowinset\\\":\\\"0\\\",\\\"captionstylesuseborders\\\":\\\"1\\\",\\\"captionstylesbordercolor\\\":\\\"\\\",\\\"captionstylesborderwidth\\\":\\\"1\\\",\\\"module_tag\\\":\\\"div\\\",\\\"bootstrap_size\\\":\\\"0\\\",\\\"header_tag\\\":\\\"h3\\\",\\\"header_class\\\":\\\"\\\",\\\"style\\\":\\\"0\\\"}\",\"client_id\":\"0\",\"language\":\"*\"}',0);

--
-- Table structure for table `josgx_update_sites`
--

CREATE TABLE `josgx_update_sites` (
  `update_site_id` int(11) NOT NULL AUTO_INCREMENT,
  `name` varchar(100) COLLATE utf8mb4_unicode_ci DEFAULT '',
  `type` varchar(20) COLLATE utf8mb4_unicode_ci DEFAULT '',
  `location` text COLLATE utf8mb4_unicode_ci NOT NULL,
  `enabled` int(11) DEFAULT 0,
  `last_check_timestamp` bigint(20) DEFAULT 0,
  `extra_query` varchar(1000) COLLATE utf8mb4_unicode_ci DEFAULT '',
  PRIMARY KEY (`update_site_id`)
) ENGINE=InnoDB AUTO_INCREMENT=15 DEFAULT CHARSET=utf8mb4 COLLATE=utf8mb4_unicode_ci COMMENT='Update Sites';

--
-- Dumping data for table `josgx_update_sites`
--

INSERT INTO `josgx_update_sites` (`update_site_id`, `name`, `type`, `location`, `enabled`, `last_check_timestamp`, `extra_query`) VALUES (1,'Joomla! Core','collection','http://update.joomla.org/core/list.xml',1,1597017939,''),(2,'Joomla! Extension Directory','collection','http://update.joomla.org/jed/list.xml',1,1597017939,''),(3,'Accredited Joomla! Translations','collection','http://update.joomla.org/language/translationlist_3.xml',1,0,''),(4,'Joomla! Update Component Update Site','extension','http://update.joomla.org/core/extensions/com_joomlaupdate.xml',1,0,''),(5,'Ark Editor','extension','http://update.arkextensions.com/arkeditor.xml',1,0,''),(6,'Slideshow CK Update','extension','http://update.joomlack.fr/mod_slideshowck_update.xml',1,0,''),(7,'K2 Updates','extension','http://getk2.org/update.xml',1,0,''),(8,'Conflate Extension Updates','collection','http://www.conflate.nl/extensions/updates/conflate.xml',1,1596734692,''),(9,'K2 Updates','extension','http://getk2.org/app/update.xml',1,1596734692,''),(10,'Simple Image Gallery Pro','extension','http://www.joomlaworks.net/updates/jw_sigpro.xml',1,1596734692,''),(13,'Accredited Joomla! Translations','collection','https://update.joomla.org/language/translationlist_3.xml',1,1596734692,''),(14,'Securitycheck Pro Update Site','extension','http://securitycheck.protegetuordenador.com/update/updates_securitycheckpro.xml',1,1596734692,'');

--
-- Table structure for table `josgx_update_sites_extensions`
--

CREATE TABLE `josgx_update_sites_extensions` (
  `update_site_id` int(11) NOT NULL DEFAULT 0,
  `extension_id` int(11) NOT NULL DEFAULT 0,
  PRIMARY KEY (`update_site_id`,`extension_id`)
) ENGINE=InnoDB DEFAULT CHARSET=utf8mb4 COLLATE=utf8mb4_unicode_ci COMMENT='Links extensions to update sites';

--
-- Dumping data for table `josgx_update_sites_extensions`
--

INSERT INTO `josgx_update_sites_extensions` (`update_site_id`, `extension_id`) VALUES (1,700),(2,700),(3,600),(3,10003),(4,28),(5,10082),(6,10085),(7,10086),(8,10104),(9,10086),(10,10109),(13,10003),(14,10118);

--
-- Table structure for table `josgx_updates`
--

CREATE TABLE `josgx_updates` (
  `update_id` int(11) NOT NULL AUTO_INCREMENT,
  `update_site_id` int(11) DEFAULT 0,
  `extension_id` int(11) DEFAULT 0,
  `name` varchar(100) COLLATE utf8mb4_unicode_ci DEFAULT '',
  `description` text COLLATE utf8mb4_unicode_ci NOT NULL,
  `element` varchar(100) COLLATE utf8mb4_unicode_ci DEFAULT '',
  `type` varchar(20) COLLATE utf8mb4_unicode_ci DEFAULT '',
  `folder` varchar(20) COLLATE utf8mb4_unicode_ci DEFAULT '',
  `client_id` tinyint(3) DEFAULT 0,
  `version` varchar(32) COLLATE utf8mb4_unicode_ci DEFAULT '',
  `data` text COLLATE utf8mb4_unicode_ci NOT NULL,
  `detailsurl` text COLLATE utf8mb4_unicode_ci NOT NULL,
  `infourl` text COLLATE utf8mb4_unicode_ci NOT NULL,
  `extra_query` varchar(1000) COLLATE utf8mb4_unicode_ci DEFAULT '',
  PRIMARY KEY (`update_id`)
) ENGINE=InnoDB AUTO_INCREMENT=85 DEFAULT CHARSET=utf8mb4 COLLATE=utf8mb4_unicode_ci COMMENT='Available Updates';

--
-- Dumping data for table `josgx_updates`
--

INSERT INTO `josgx_updates` (`update_id`, `update_site_id`, `extension_id`, `name`, `description`, `element`, `type`, `folder`, `client_id`, `version`, `data`, `detailsurl`, `infourl`, `extra_query`) VALUES (1,1,700,'Joomla','','joomla','file','',0,'3.6.5','','https://update.joomla.org/core/sts/extension_sts.xml','',''),(2,8,0,'Simple Mobile Detection','','cmobile','plugin','system',0,'2.0.6','','http://www.joomla-specialist.net/extensions/updates/plugins/plg_system_cmobile.xml','',''),(3,8,0,'Joomla System Messages','','cmessages','plugin','system',0,'1.0.7','','http://www.joomla-specialist.net/extensions/updates/plugins/plg_system_cmessages.xml','',''),(4,8,10104,'Header Tags','','headertags','plugin','system',0,'3.2.1','','https://www.joomla-specialist.net/extensions/updates/plugins/plg_system_headertags.xml','',''),(5,8,0,'Google Analytics','','cgoogleanalytics','plugin','system',0,'1.3','','http://www.joomla-specialist.net/extensions/updates/plugins/plg_system_cgoogleanalytics.xml','',''),(6,9,10086,'K2','K2, the powerful content extension for Joomla (by JoomlaWorks)','com_k2','component','',1,'2.10.3','','http://getk2.org/app/update.xml','https://getk2.org/blog/k2-v2103-now-available',''),(7,10,10109,'Simple Image Gallery Pro','The easiest to use, most flexible gallery system for Joomla! (by JoomlaWorks)','com_sigpro','component','',1,'3.8.0','','http://www.joomlaworks.net/updates/jw_sigpro.xml','https://www.joomlaworks.net/blog/item/304-simple-image-gallery-pro-v3-8-0-released',''),(8,13,0,'Armenian','','pkg_hy-AM','package','',0,'3.4.4.1','','https://update.joomla.org/language/details3/hy-AM_details.xml','',''),(9,13,0,'Malay','','pkg_ms-MY','package','',0,'3.4.1.2','','https://update.joomla.org/language/details3/ms-MY_details.xml','',''),(10,13,0,'Romanian','','pkg_ro-RO','package','',0,'3.9.13.1','','https://update.joomla.org/language/details3/ro-RO_details.xml','',''),(11,13,0,'Flemish','','pkg_nl-BE','package','',0,'3.9.20.1','','https://update.joomla.org/language/details3/nl-BE_details.xml','',''),(12,13,0,'Chinese Traditional','','pkg_zh-TW','package','',0,'3.8.0.1','','https://update.joomla.org/language/details3/zh-TW_details.xml','',''),(13,13,0,'French','','pkg_fr-FR','package','',0,'3.9.20.1','','https://update.joomla.org/language/details3/fr-FR_details.xml','',''),(14,13,0,'Galician','','pkg_gl-ES','package','',0,'3.3.1.2','','https://update.joomla.org/language/details3/gl-ES_details.xml','',''),(15,13,0,'Georgian','','pkg_ka-GE','package','',0,'3.9.20.1','','https://update.joomla.org/language/details3/ka-GE_details.xml','',''),(16,13,0,'Greek','','pkg_el-GR','package','',0,'3.9.20.1','','https://update.joomla.org/language/details3/el-GR_details.xml','',''),(17,13,0,'Japanese','','pkg_ja-JP','package','',0,'3.9.20.1','','https://update.joomla.org/language/details3/ja-JP_details.xml','',''),(18,13,0,'Hebrew','','pkg_he-IL','package','',0,'3.1.1.2','','https://update.joomla.org/language/details3/he-IL_details.xml','',''),(19,13,0,'Bengali','','pkg_bn-BD','package','',0,'3.8.10.1','','https://update.joomla.org/language/details3/bn-BD_details.xml','',''),(20,13,0,'Hungarian','','pkg_hu-HU','package','',0,'3.9.19.1','','https://update.joomla.org/language/details3/hu-HU_details.xml','',''),(21,13,0,'Afrikaans','','pkg_af-ZA','package','',0,'3.9.16.1','','https://update.joomla.org/language/details3/af-ZA_details.xml','',''),(22,13,0,'Arabic Unitag','','pkg_ar-AA','package','',0,'3.9.19.1','','https://update.joomla.org/language/details3/ar-AA_details.xml','',''),(23,13,0,'Belarusian','','pkg_be-BY','package','',0,'3.2.1.2','','https://update.joomla.org/language/details3/be-BY_details.xml','',''),(24,13,0,'Bulgarian','','pkg_bg-BG','package','',0,'3.6.5.2','','https://update.joomla.org/language/details3/bg-BG_details.xml','',''),(25,13,0,'Catalan','','pkg_ca-ES','package','',0,'3.9.11.2','','https://update.joomla.org/language/details3/ca-ES_details.xml','',''),(26,13,0,'Chinese Simplified','','pkg_zh-CN','package','',0,'3.9.20.1','','https://update.joomla.org/language/details3/zh-CN_details.xml','',''),(27,13,0,'Croatian','','pkg_hr-HR','package','',0,'3.9.20.1','','https://update.joomla.org/language/details3/hr-HR_details.xml','',''),(28,13,0,'Czech','','pkg_cs-CZ','package','',0,'3.9.20.1','','https://update.joomla.org/language/details3/cs-CZ_details.xml','',''),(29,13,0,'Danish','','pkg_da-DK','package','',0,'3.9.20.1','','https://update.joomla.org/language/details3/da-DK_details.xml','',''),(30,13,0,'Dutch','','pkg_nl-NL','package','',0,'3.9.20.1','','https://update.joomla.org/language/details3/nl-NL_details.xml','',''),(31,13,0,'Esperanto','','pkg_eo-XX','package','',0,'3.8.11.1','','https://update.joomla.org/language/details3/eo-XX_details.xml','',''),(32,13,0,'Estonian','','pkg_et-EE','package','',0,'3.9.21.1','','https://update.joomla.org/language/details3/et-EE_details.xml','',''),(33,13,0,'Italian','','pkg_it-IT','package','',0,'3.9.20.1','','https://update.joomla.org/language/details3/it-IT_details.xml','',''),(34,13,0,'Khmer','','pkg_km-KH','package','',0,'3.4.5.1','','https://update.joomla.org/language/details3/km-KH_details.xml','',''),(35,13,0,'Korean','','pkg_ko-KR','package','',0,'3.8.9.1','','https://update.joomla.org/language/details3/ko-KR_details.xml','',''),(36,13,0,'Latvian','','pkg_lv-LV','package','',0,'3.7.3.1','','https://update.joomla.org/language/details3/lv-LV_details.xml','',''),(37,13,0,'Lithuanian','','pkg_lt-LT','package','',0,'3.9.16.1','','https://update.joomla.org/language/details3/lt-LT_details.xml','',''),(38,13,0,'Macedonian','','pkg_mk-MK','package','',0,'3.6.5.1','','https://update.joomla.org/language/details3/mk-MK_details.xml','',''),(39,13,0,'Norwegian Bokmal','','pkg_nb-NO','package','',0,'3.8.11.1','','https://update.joomla.org/language/details3/nb-NO_details.xml','',''),(40,13,0,'Norwegian Nynorsk','','pkg_nn-NO','package','',0,'3.4.2.1','','https://update.joomla.org/language/details3/nn-NO_details.xml','',''),(41,13,0,'Persian','','pkg_fa-IR','package','',0,'3.9.20.1','','https://update.joomla.org/language/details3/fa-IR_details.xml','',''),(42,13,0,'Polish','','pkg_pl-PL','package','',0,'3.9.13.1','','https://update.joomla.org/language/details3/pl-PL_details.xml','',''),(43,13,0,'Portuguese','','pkg_pt-PT','package','',0,'3.9.15.1','','https://update.joomla.org/language/details3/pt-PT_details.xml','',''),(44,13,0,'Russian','','pkg_ru-RU','package','',0,'3.9.19.1','','https://update.joomla.org/language/details3/ru-RU_details.xml','',''),(45,13,0,'English AU','','pkg_en-AU','package','',0,'3.9.20.1','','https://update.joomla.org/language/details3/en-AU_details.xml','',''),(46,13,0,'Slovak','','pkg_sk-SK','package','',0,'3.9.20.1','','https://update.joomla.org/language/details3/sk-SK_details.xml','',''),(47,13,0,'English US','','pkg_en-US','package','',0,'3.9.20.1','','https://update.joomla.org/language/details3/en-US_details.xml','',''),(48,13,0,'Swedish','','pkg_sv-SE','package','',0,'3.9.20.1','','https://update.joomla.org/language/details3/sv-SE_details.xml','',''),(49,13,0,'Syriac','','pkg_sy-IQ','package','',0,'3.4.5.1','','https://update.joomla.org/language/details3/sy-IQ_details.xml','',''),(50,13,0,'Tamil','','pkg_ta-IN','package','',0,'3.9.20.1','','https://update.joomla.org/language/details3/ta-IN_details.xml','',''),(51,13,0,'Thai','','pkg_th-TH','package','',0,'3.9.20.1','','https://update.joomla.org/language/details3/th-TH_details.xml','',''),(52,13,0,'Turkish','','pkg_tr-TR','package','',0,'3.9.4.1','','https://update.joomla.org/language/details3/tr-TR_details.xml','',''),(53,13,0,'Ukrainian','','pkg_uk-UA','package','',0,'3.9.20.1','','https://update.joomla.org/language/details3/uk-UA_details.xml','',''),(54,13,0,'Uyghur','','pkg_ug-CN','package','',0,'3.7.5.2','','https://update.joomla.org/language/details3/ug-CN_details.xml','',''),(55,13,0,'Albanian','','pkg_sq-AL','package','',0,'3.1.1.2','','https://update.joomla.org/language/details3/sq-AL_details.xml','',''),(56,13,0,'Basque','','pkg_eu-ES','package','',0,'3.7.5.1','','https://update.joomla.org/language/details3/eu-ES_details.xml','',''),(57,13,0,'Hindi','','pkg_hi-IN','package','',0,'3.3.6.2','','https://update.joomla.org/language/details3/hi-IN_details.xml','',''),(58,13,0,'German DE','','pkg_de-DE','package','',0,'3.9.20.1','','https://update.joomla.org/language/details3/de-DE_details.xml','',''),(59,13,10003,'Portuguese Brazil','','pkg_pt-BR','package','',0,'3.9.20.1','','https://update.joomla.org/language/details3/pt-BR_details.xml','',''),(60,13,0,'Serbian Latin','','pkg_sr-YU','package','',0,'3.9.20.1','','https://update.joomla.org/language/details3/sr-YU_details.xml','',''),(61,13,0,'Spanish','','pkg_es-ES','package','',0,'3.9.18.1','','https://update.joomla.org/language/details3/es-ES_details.xml','',''),(62,13,0,'Bosnian','','pkg_bs-BA','package','',0,'3.9.19.1','','https://update.joomla.org/language/details3/bs-BA_details.xml','',''),(63,13,0,'Serbian Cyrillic','','pkg_sr-RS','package','',0,'3.9.20.1','','https://update.joomla.org/language/details3/sr-RS_details.xml','',''),(64,13,0,'Vietnamese','','pkg_vi-VN','package','',0,'3.2.1.2','','https://update.joomla.org/language/details3/vi-VN_details.xml','',''),(65,13,0,'Bahasa Indonesia','','pkg_id-ID','package','',0,'3.6.2.1','','https://update.joomla.org/language/details3/id-ID_details.xml','',''),(66,13,0,'Finnish','','pkg_fi-FI','package','',0,'3.9.16.1','','https://update.joomla.org/language/details3/fi-FI_details.xml','',''),(67,13,0,'Swahili','','pkg_sw-KE','package','',0,'3.9.20.1','','https://update.joomla.org/language/details3/sw-KE_details.xml','',''),(68,13,0,'Montenegrin','','pkg_srp-ME','package','',0,'3.3.1.2','','https://update.joomla.org/language/details3/srp-ME_details.xml','',''),(69,13,0,'English CA','','pkg_en-CA','package','',0,'3.9.20.1','','https://update.joomla.org/language/details3/en-CA_details.xml','',''),(70,13,0,'French CA','','pkg_fr-CA','package','',0,'3.6.5.1','','https://update.joomla.org/language/details3/fr-CA_details.xml','',''),(71,13,0,'Welsh','','pkg_cy-GB','package','',0,'3.9.20.1','','https://update.joomla.org/language/details3/cy-GB_details.xml','',''),(72,13,0,'Sinhala','','pkg_si-LK','package','',0,'3.3.1.2','','https://update.joomla.org/language/details3/si-LK_details.xml','',''),(73,13,0,'Dari Persian','','pkg_prs-AF','package','',0,'3.4.4.3','','https://update.joomla.org/language/details3/prs-AF_details.xml','',''),(74,13,0,'Turkmen','','pkg_tk-TM','package','',0,'3.5.0.2','','https://update.joomla.org/language/details3/tk-TM_details.xml','',''),(75,13,0,'Irish','','pkg_ga-IE','package','',0,'3.8.13.1','','https://update.joomla.org/language/details3/ga-IE_details.xml','',''),(76,13,0,'Dzongkha','','pkg_dz-BT','package','',0,'3.6.2.1','','https://update.joomla.org/language/details3/dz-BT_details.xml','',''),(77,13,0,'Slovenian','','pkg_sl-SI','package','',0,'3.9.20.1','','https://update.joomla.org/language/details3/sl-SI_details.xml','',''),(78,13,0,'Spanish CO','','pkg_es-CO','package','',0,'3.9.15.1','','https://update.joomla.org/language/details3/es-CO_details.xml','',''),(79,13,0,'German CH','','pkg_de-CH','package','',0,'3.9.20.1','','https://update.joomla.org/language/details3/de-CH_details.xml','',''),(80,13,0,'German AT','','pkg_de-AT','package','',0,'3.9.20.1','','https://update.joomla.org/language/details3/de-AT_details.xml','',''),(81,13,0,'German LI','','pkg_de-LI','package','',0,'3.9.20.1','','https://update.joomla.org/language/details3/de-LI_details.xml','',''),(82,13,0,'German LU','','pkg_de-LU','package','',0,'3.9.20.1','','https://update.joomla.org/language/details3/de-LU_details.xml','',''),(83,13,0,'English NZ','','pkg_en-NZ','package','',0,'3.9.20.1','','https://update.joomla.org/language/details3/en-NZ_details.xml','',''),(84,13,0,'Kazakh','','pkg_kk-KZ','package','',0,'3.9.20.1','','https://update.joomla.org/language/details3/kk-KZ_details.xml','','');

--
-- Table structure for table `josgx_user_keys`
--

CREATE TABLE `josgx_user_keys` (
  `id` int(10) unsigned NOT NULL AUTO_INCREMENT,
  `user_id` varchar(150) COLLATE utf8mb4_unicode_ci NOT NULL,
  `token` varchar(255) COLLATE utf8mb4_unicode_ci NOT NULL,
  `series` varchar(191) COLLATE utf8mb4_unicode_ci NOT NULL,
  `invalid` tinyint(4) NOT NULL,
  `time` varchar(200) COLLATE utf8mb4_unicode_ci NOT NULL,
  `uastring` varchar(255) COLLATE utf8mb4_unicode_ci NOT NULL,
  PRIMARY KEY (`id`),
  UNIQUE KEY `series` (`series`),
  UNIQUE KEY `series_2` (`series`),
  UNIQUE KEY `series_3` (`series`),
  KEY `user_id` (`user_id`)
) ENGINE=InnoDB DEFAULT CHARSET=utf8mb4 COLLATE=utf8mb4_unicode_ci;

--
-- Dumping data for table `josgx_user_keys`
--


--
-- Table structure for table `josgx_user_notes`
--

CREATE TABLE `josgx_user_notes` (
  `id` int(10) unsigned NOT NULL AUTO_INCREMENT,
  `user_id` int(10) unsigned NOT NULL DEFAULT 0,
  `catid` int(10) unsigned NOT NULL DEFAULT 0,
  `subject` varchar(100) COLLATE utf8mb4_unicode_ci NOT NULL DEFAULT '',
  `body` text COLLATE utf8mb4_unicode_ci NOT NULL,
  `state` tinyint(3) NOT NULL DEFAULT 0,
  `checked_out` int(10) unsigned NOT NULL DEFAULT 0,
  `checked_out_time` datetime NOT NULL DEFAULT '0000-00-00 00:00:00',
  `created_user_id` int(10) unsigned NOT NULL DEFAULT 0,
  `created_time` datetime NOT NULL DEFAULT '0000-00-00 00:00:00',
  `modified_user_id` int(10) unsigned NOT NULL,
  `modified_time` datetime NOT NULL DEFAULT '0000-00-00 00:00:00',
  `review_time` datetime NOT NULL DEFAULT '0000-00-00 00:00:00',
  `publish_up` datetime NOT NULL DEFAULT '0000-00-00 00:00:00',
  `publish_down` datetime NOT NULL DEFAULT '0000-00-00 00:00:00',
  PRIMARY KEY (`id`),
  KEY `idx_user_id` (`user_id`),
  KEY `idx_category_id` (`catid`)
) ENGINE=InnoDB DEFAULT CHARSET=utf8mb4 COLLATE=utf8mb4_unicode_ci;

--
-- Dumping data for table `josgx_user_notes`
--


--
-- Table structure for table `josgx_user_profiles`
--

CREATE TABLE `josgx_user_profiles` (
  `user_id` int(11) NOT NULL,
  `profile_key` varchar(100) COLLATE utf8mb4_unicode_ci NOT NULL,
  `profile_value` text COLLATE utf8mb4_unicode_ci NOT NULL,
  `ordering` int(11) NOT NULL DEFAULT 0,
  UNIQUE KEY `idx_user_id_profile_key` (`user_id`,`profile_key`)
) ENGINE=InnoDB DEFAULT CHARSET=utf8mb4 COLLATE=utf8mb4_unicode_ci COMMENT='Simple user profile storage table';

--
-- Dumping data for table `josgx_user_profiles`
--


--
-- Table structure for table `josgx_user_usergroup_map`
--

CREATE TABLE `josgx_user_usergroup_map` (
  `user_id` int(10) unsigned NOT NULL DEFAULT 0 COMMENT 'Foreign Key to #__users.id',
  `group_id` int(10) unsigned NOT NULL DEFAULT 0 COMMENT 'Foreign Key to #__usergroups.id',
  PRIMARY KEY (`user_id`,`group_id`)
) ENGINE=InnoDB DEFAULT CHARSET=utf8mb4 COLLATE=utf8mb4_unicode_ci;

--
-- Dumping data for table `josgx_user_usergroup_map`
--

INSERT INTO `josgx_user_usergroup_map` (`user_id`, `group_id`) VALUES (621,8),(623,8),(625,8),(626,8);

--
-- Table structure for table `josgx_usergroups`
--

CREATE TABLE `josgx_usergroups` (
  `id` int(10) unsigned NOT NULL AUTO_INCREMENT COMMENT 'Primary Key',
  `parent_id` int(10) unsigned NOT NULL DEFAULT 0 COMMENT 'Adjacency List Reference Id',
  `lft` int(11) NOT NULL DEFAULT 0 COMMENT 'Nested set lft.',
  `rgt` int(11) NOT NULL DEFAULT 0 COMMENT 'Nested set rgt.',
  `title` varchar(100) COLLATE utf8mb4_unicode_ci NOT NULL DEFAULT '',
  PRIMARY KEY (`id`),
  UNIQUE KEY `idx_usergroup_parent_title_lookup` (`parent_id`,`title`),
  KEY `idx_usergroup_title_lookup` (`title`),
  KEY `idx_usergroup_adjacency_lookup` (`parent_id`),
  KEY `idx_usergroup_nested_set_lookup` (`lft`,`rgt`) USING BTREE
) ENGINE=InnoDB AUTO_INCREMENT=10 DEFAULT CHARSET=utf8mb4 COLLATE=utf8mb4_unicode_ci;

--
-- Dumping data for table `josgx_usergroups`
--

INSERT INTO `josgx_usergroups` (`id`, `parent_id`, `lft`, `rgt`, `title`) VALUES (1,0,1,18,'Public'),(2,1,8,15,'Registered'),(3,2,9,14,'Author'),(4,3,10,13,'Editor'),(5,4,11,12,'Publisher'),(6,1,4,7,'Manager'),(7,6,5,6,'Administrator'),(8,1,16,17,'Super Users'),(9,1,2,3,'Guest');

--
-- Table structure for table `josgx_users`
--

CREATE TABLE `josgx_users` (
  `id` int(11) NOT NULL AUTO_INCREMENT,
  `name` varchar(400) COLLATE utf8mb4_unicode_ci NOT NULL DEFAULT '',
  `username` varchar(150) COLLATE utf8mb4_unicode_ci NOT NULL DEFAULT '',
  `email` varchar(100) COLLATE utf8mb4_unicode_ci NOT NULL DEFAULT '',
  `password` varchar(100) COLLATE utf8mb4_unicode_ci NOT NULL DEFAULT '',
  `block` tinyint(4) NOT NULL DEFAULT 0,
  `sendEmail` tinyint(4) DEFAULT 0,
  `registerDate` datetime NOT NULL DEFAULT '0000-00-00 00:00:00',
  `lastvisitDate` datetime NOT NULL DEFAULT '0000-00-00 00:00:00',
  `activation` varchar(100) COLLATE utf8mb4_unicode_ci NOT NULL DEFAULT '',
  `params` text COLLATE utf8mb4_unicode_ci NOT NULL,
  `lastResetTime` datetime NOT NULL DEFAULT '0000-00-00 00:00:00' COMMENT 'Date of last password reset',
  `resetCount` int(11) NOT NULL DEFAULT 0 COMMENT 'Count of password resets since lastResetTime',
  `otpKey` varchar(1000) COLLATE utf8mb4_unicode_ci NOT NULL DEFAULT '' COMMENT 'Two factor authentication encrypted keys',
  `otep` varchar(1000) COLLATE utf8mb4_unicode_ci NOT NULL DEFAULT '' COMMENT 'One time emergency passwords',
  `requireReset` tinyint(4) NOT NULL DEFAULT 0 COMMENT 'Require user to reset password on next login',
  PRIMARY KEY (`id`),
  KEY `idx_name` (`name`(100)),
  KEY `idx_block` (`block`),
  KEY `username` (`username`),
  KEY `email` (`email`)
) ENGINE=InnoDB AUTO_INCREMENT=627 DEFAULT CHARSET=utf8mb4 COLLATE=utf8mb4_unicode_ci;

--
-- Dumping data for table `josgx_users`
--

INSERT INTO `josgx_users` (`id`, `name`, `username`, `email`, `password`, `block`, `sendEmail`, `registerDate`, `lastvisitDate`, `activation`, `params`, `lastResetTime`, `resetCount`, `otpKey`, `otep`, `requireReset`) VALUES (621,'Felipe','felipe','criacao@websitefortaleza.com.br','$2y$10$MAX/4YJ2HOKtGbpDD4.OMeF0RaTGv//ucqrscT7dRtoH3H0uCMsHu',0,1,'2016-05-10 14:34:02','2020-08-06 17:24:49','0','','0000-00-00 00:00:00',0,'','',0),(623,'cabana','cabana','contato@websitefortaleza.com.br','$2y$10$VclFK30s341Xq/SWNoATPeOX4RHqRpzrXNhXEvSwE6xC/psmgaOTe',0,0,'2016-07-01 15:04:44','2019-09-03 18:54:30','','{\"admin_style\":\"\",\"admin_language\":\"\",\"language\":\"\",\"editor\":\"\",\"helpsite\":\"\",\"timezone\":\"\"}','0000-00-00 00:00:00',0,'','',0),(625,'paulo','paulo','aa@aa.com','$2y$10$90Cd8nbYZtQKrcDPobYO8uVNPVDuUZH.1qxxxa2knKZJRyD6leeX2',0,0,'2020-07-03 17:24:05','0000-00-00 00:00:00','','{\"admin_style\":\"\",\"admin_language\":\"\",\"language\":\"\",\"editor\":\"\",\"helpsite\":\"\",\"timezone\":\"\"}','0000-00-00 00:00:00',0,'','',0),(626,'seo','seo','seo@websitefortaleza.com.br','$2y$10$mdd7LrBQZr7rFNiwrF4K0.FenW2.I6kMoZxizzh5AKQfvesW3aKHu',0,0,'2020-07-30 13:01:30','0000-00-00 00:00:00','','{\"admin_style\":\"\",\"admin_language\":\"\",\"language\":\"\",\"editor\":\"\",\"helpsite\":\"\",\"timezone\":\"\"}','0000-00-00 00:00:00',0,'','',0);

--
-- Table structure for table `josgx_utf8_conversion`
--

CREATE TABLE `josgx_utf8_conversion` (
  `converted` tinyint(4) NOT NULL DEFAULT 0
) ENGINE=InnoDB DEFAULT CHARSET=utf8mb4 COLLATE=utf8mb4_unicode_ci;

--
-- Dumping data for table `josgx_utf8_conversion`
--

INSERT INTO `josgx_utf8_conversion` (`converted`) VALUES (2);

--
-- Table structure for table `josgx_viewlevels`
--

CREATE TABLE `josgx_viewlevels` (
  `id` int(10) unsigned NOT NULL AUTO_INCREMENT COMMENT 'Primary Key',
  `title` varchar(100) COLLATE utf8mb4_unicode_ci NOT NULL DEFAULT '',
  `ordering` int(11) NOT NULL DEFAULT 0,
  `rules` varchar(5120) COLLATE utf8mb4_unicode_ci NOT NULL COMMENT 'JSON encoded access control.',
  PRIMARY KEY (`id`),
  UNIQUE KEY `idx_assetgroup_title_lookup` (`title`)
) ENGINE=InnoDB AUTO_INCREMENT=7 DEFAULT CHARSET=utf8mb4 COLLATE=utf8mb4_unicode_ci;

--
-- Dumping data for table `josgx_viewlevels`
--

INSERT INTO `josgx_viewlevels` (`id`, `title`, `ordering`, `rules`) VALUES (1,'Public',0,'[1]'),(2,'Registered',2,'[6,2,8]'),(3,'Special',3,'[6,3,8]'),(5,'Guest',1,'[9]'),(6,'Super Users',4,'[8]');

--
-- Dumping events for database 'smcearac_smceara'
--

--
-- Dumping routines for database 'smcearac_smceara'
--


